+ m**2 - m + 1. Let n be a(1). Suppose -n + 20 = 3*p. List the prime factors of p.
5
What are the prime factors of (-2 - 32/56)*42/(-1)?
2, 3
Suppose -5*i + 10 = -3*i. Let d be (1 + 4)*(-16)/i. Let t = -10 - d. List the prime factors of t.
2, 3
Suppose -5*r = -r. Suppose -g - 2*g + 60 = r. What are the prime factors of g?
2, 5
Let q = 1 + 1. What are the prime factors of (1 + 3)*3/q?
2, 3
Let a(r) = r**2 + 3. Let m be a(0). Suppose m*z = -5*o + 28 - 72, 4*z + 2 = -o. Let i = -3 - o. List the prime factors of i.
7
Suppose 3*o + 1 = 2*o. Let r(m) be the third derivative of m**5/15 - m**4/12 - m**3/6 + 7*m**2. What are the prime factors of r(o)?
5
Let z = 114 + -79. List the prime factors of z.
5, 7
Let w(j) = j**2 + 7*j - 3. Let n be w(-7). Let f = n + 8. What are the prime factors of f?
5
Let s(k) = -k**3 + k - 3. What are the prime factors of s(-3)?
3, 7
Suppose 5*a = 7*a - 320. What are the prime factors of a?
2, 5
Let c = -27 + 39. Suppose -5*w + c = -3*h - 24, 4*h = -8. List the prime factors of w/(-15)*5*-3.
2, 3
Suppose -2*n + 327 = -5*s, 0 = -5*n - 4*s + 423 + 345. List the prime factors of n.
2, 3, 13
Suppose 0 = -z + 3*z - 26. Suppose -4*u = -z - 79. List the prime factors of u.
23
Suppose -2*f = -43 + 9. Suppose -2*h = -0*h + 4*r - 22, 0 = -3*h + 2*r + f. Suppose h = 5*v - 4*v. List the prime factors of v.
7
Let n(k) = -k - 1. Let d(m) = -m**2 + 2*m - 6. Suppose 2*w - 16 = -2*w. Let f(h) = w*n(h) - d(h). List the prime factors of f(7).
3
What are the prime factors of 16 - (-5 + 2 - 1)?
2, 5
Let n(c) = 2*c**3 - 6*c**2 - 3*c + 2. What are the prime factors of n(5)?
3, 29
Let z(w) = w**3 + 4*w**2 - 7*w - 4. Let o be (8/(-10))/((-3)/15). Let i be 1/(((-8)/10)/o). List the prime factors of z(i).
2, 3
Suppose -d + 2*v = -21 - 8, -3*d + 131 = 5*v. List the prime factors of d.
37
Suppose 3*f = 4*f - 3. Let d(z) = 1 + 6*z + 6*z**2 - 2*z**2 + 4*z**2 - 4*z**f + 5*z**3. List the prime factors of d(-7).
2
Suppose -4*w - 3 = -5*w. Suppose -w*o - 14 = -4*o. What are the prime factors of o?
2, 7
Let w = -12 - -7. Let f(j) = -j**2 - 5*j - 2. Let c be f(w). List the prime factors of (c/(-5))/((-4)/(-100)).
2, 5
Suppose 3*g + 4*h = 34, -4*h = -4*g - g + 110. What are the prime factors of g*6*(-4)/(-18)?
2, 3
Let h be ((-81)/6)/(6/(-8)). Suppose 0 = l - 2*w + 1, 4*l + 3*w + h = 58. Suppose -2*y = -l - 9. List the prime factors of y.
2
List the prime factors of 10 + -13 - (-19 - -1).
3, 5
Suppose -u + 4 + 3 = 0. What are the prime factors of u?
7
Let a(m) = m**3 - m**2 + 1. Let q be a(1). Let u be q/(-2)*(-1 + 1). Suppose u*d = d - 6. What are the prime factors of d?
2, 3
List the prime factors of -3 + 11 + 9/3.
11
Suppose 0*h - 520 = -4*h. Suppose h = -2*q - 3*q. Let p = -14 - q. What are the prime factors of p?
2, 3
List the prime factors of (-9)/(36/(-344)) - -3.
89
Let i = 4 - 1. Suppose 2*k = -2*k + 3*d - 36, i*d = 12. What are the prime factors of 38/6 + (-4)/k?
7
Let j(n) = -3*n**3 - 2. List the prime factors of j(-2).
2, 11
Let u be -3 + 3 + 24/2. Suppose -u = -2*w + w. List the prime factors of w.
2, 3
Let u = 0 - -2. Suppose 35 = u*c - 3*t, 5*c + 5*t - 15 = c. What are the prime factors of c?
2, 5
Let h be (10/5)/(4/(-6)). Let k be 60/(-8)*2/h. List the prime factors of (0 - -2) + -3 + k.
2
What are the prime factors of ((-68)/(-12))/(2/6)?
17
Let m be (0 - 0)/((-27)/9). Suppose 5*g - 4*s - 24 - 59 = m, 3*g + s - 60 = 0. What are the prime factors of g?
19
Let a = 13 + -8. Let h = -7 + 20. Suppose -a = 4*x - h. What are the prime factors of x?
2
Suppose 3*s + 2*s = -4*g + 17, -s + 3*g + 11 = 0. List the prime factors of s.
5
Let d be 6/27 - 75/(-27). Suppose d = z - 6. What are the prime factors of z?
3
Let v(a) = -7*a**3 + 2*a + 1. Let l be v(-1). List the prime factors of ((-4)/l)/((-6)/36).
2
Suppose 2*x - 92 = 4*u, u + u - 46 = -x. What are the prime factors of x?
2, 23
Let v = 626 + -384. List the prime factors of v.
2, 11
Suppose 0 = 2*k - 3*x - 215, 2*k - x = 3*x + 216. What are the prime factors of k?
2, 53
Let q = 20 - 29. Let b = -6 - q. List the prime factors of b.
3
Let g = -5 + 9. Let k(z) = 3*z**2 - 8*z + g*z - 4*z**2 - 1. List the prime factors of k(-3).
2
Let k(z) = z**2 - 8*z + 10. Suppose 23 = 3*p + 2. Let x be k(p). Suppose -12 = -x*n + 18. What are the prime factors of n?
2, 5
Let c(m) = -m**3 + 11*m**2 + 18*m - 9. What are the prime factors of c(12)?
3, 7
Let c(o) = -10*o - 17. What are the prime factors of c(-14)?
3, 41
Suppose 2*j - 223 = -3*d, 5*d - 5*j - 16 - 389 = 0. What are the prime factors of d?
7, 11
Let y = 3 + 3. Let x be (3/y)/((-1)/48). List the prime factors of (-21)/x*-2*-4.
7
Let b = -2 + 10. Suppose 4*n = 5*l - 4, -n - 2*l - b = -5*l. Suppose 0 = 3*u + n - 10. List the prime factors of u.
2
Let p = 44 + -40. List the prime factors of p.
2
Let b(r) = -r - 19. Let i = -25 - -15. Let p be b(i). Let t = 14 + p. What are the prime factors of t?
5
Suppose -5 = -h + 15. What are the prime factors of h?
2, 5
Suppose -4*n = -f - 3*n + 39, 0 = 2*n + 2. What are the prime factors of f?
2, 19
Suppose -57 = a - 265. What are the prime factors of a?
2, 13
Suppose 378 = 4*h + 3*h. List the prime factors of h.
2, 3
Let v = 110 - 63. Suppose 5*i + 27 = -3*m, 3*i + v = -5*m + 2. List the prime factors of -3*(2 + 33/m).
5
Suppose 3*s + 252 = -s. Let n = s - -91. List the prime factors of n.
2, 7
Let q be ((-1)/4)/((-3)/12). Let z be -1*(0 - 1) + q. Suppose 5*w = m - 32, m - 5*w - 24 = -z*w. List the prime factors of m.
2, 3
Let b = -8 + 2. Let d be (-15)/b*2 - 2. Suppose -3*s - 3*l + 51 = -6*l, -s - d*l + 13 = 0. What are the prime factors of s?
2
Let p(h) = -8*h - 6. What are the prime factors of p(-10)?
2, 37
Let h(l) = 3*l**2 + 2*l - 3. Let q(v) = -3*v**2 - 2*v + 3. Let f(a) = -2*h(a) - 3*q(a). What are the prime factors of f(3)?
2, 3, 5
Let q(h) = 15*h**2 - 1. Let j be q(1). Let o = j + -9. List the prime factors of o.
5
What are the prime factors of 70/(-7)*(0 - (1 + 27))?
2, 5, 7
Let m(r) = r**2 - 10*r - 16. Suppose s + 48 = 5*s. Let u be 3/s + 94/8. What are the prime factors of m(u)?
2
Let l be ((-2)/(-3))/((-8)/12). Let m = 6 + l. Suppose 15 = m*u - 2*o + 3*o, 2*u = 3*o + 6. List the prime factors of u.
3
Let a(o) = 8*o**3 - 6*o**3 - 2 + o**2 - o - 7*o**3. List the prime factors of a(-2).
2, 11
Let d be 1/2 - 9/(-18). List the prime factors of (d/(-4))/(11/(-132)).
3
Let d be (-3 + 1)/((-14)/(-21)). What are the prime factors of 34/3*d/(-2)?
17
Suppose -4*d - 4*s = s, 0 = -5*d - 4*s. Suppose 2*a - 19 = -4*v + 9, d = v + a - 9. Suppose 2*t + 1 = 3*t, -v*r + 4*t + 46 = 0. List the prime factors of r.
2, 5
Suppose 3*k = -k - 2*o + 360, 2*o = 0. Let d = 47 - k. Let c = -31 - d. What are the prime factors of c?
2, 3
Suppose 4*p = 2*o - 0*o - 4, 4 = 2*o + 2*p. Suppose -g = 3*g - u - 70, -5*g = -o*u - 86. Suppose -4*w + 2 + g = 0. List the prime factors of w.
5
Let a = 18 - -18. List the prime factors of a.
2, 3
What are the prime factors of ((-48)/(-20))/3*75?
2, 3, 5
Suppose 0 = 2*l - l - 15. What are the prime factors of l?
3, 5
Let y = 24 - 15. Let b be 0 - 3 - 2/(-2)*-3. Let v = y - b. List the prime factors of v.
3, 5
Let y(z) = z - 1. Let v be y(3). Suppose -2*o = -4 - v. Suppose -i = -s, o*s - s - 6 = -i. List the prime factors of i.
2
Let j be 13 - 10 - (4 - 1). Suppose j = 3*d - 7*d + 100. What are the prime factors of d?
5
Let v = 4 - 3. Let g(x) = 18*x**2 + 2*x - 1. What are the prime factors of g(v)?
19
Let a = 6 - 12. Suppose o = -3*q - 6, 4*q - 3*q = 1. Let j = a - o. What are the prime factors of j?
3
Suppose -w + 4 = -2*w - 5*f, f = w + 4. Let b be (-102)/(-27) - w/18. Suppose 3*x - 5*o - 30 = -0*x, 7 = -x - b*o. List the prime factors of x.
5
Suppose 0 = -3*o - 3*o + 102. What are the prime factors of o?
17
Let c(x) = x**3 - 9*x**2 - 6*x + 4. Let l be c(5). What are the prime factors of l/(-12) - 1/2?
2, 5
Let g = -1 + -3. List the prime factors of (-102)/g*(-4)/(-6).
17
Let u = -126 + 196. Suppose 0 = 2*l + 3*l - u. What are the prime factors of l?
2, 7
Let r be 1 - (2 - (4 - 0)). Let w = r + -2. Suppose z - 12 = -w. List the prime factors of z.
11
Let h(d) = -2*d + 12. List the prime factors of h(-19).
2, 5
Suppose 5*b = 2*g - 9, 3*b = -b + 4. Let s = 26 - g. List the prime factors of s.
19
Suppose 